45794)/(-60) + 8/80?
2
Let c(m) = 6*m**3 - 9*m**2 + 40*m - 506. What is the thousands digit of c(10)?
4
Suppose 2*c - 2 = -12. Let z(v) = -v - 1. Let p be z(c). Suppose a + 4*g = -a - 4, p*g = -a - 8. What is the units digit of a?
4
Suppose -o + 2*v = 31, -6*o + o + 4*v - 185 = 0. Let m be (33/(-2))/(-7 + (-190)/(-28)). Let f = o + m. What is the tens digit of f?
3
Let m(s) = -s**2 - 10*s - 21. Let h be m(-6). Suppose -h*f = 2*f - 85. What is the units digit of f?
7
Suppose -3 = -z, 5*p - 3*z - 5369 + 638 = 0. What is the tens digit of p?
4
Suppose -5*p + 9*p = 20. Suppose h = 4*h - 4*v + 8, -5*h - 5 = -p*v. Let i = 14 - h. What is the tens digit of i?
1
Let b = 52 - 19. Let c = b - 16. Suppose 81 - c = 4*d. What is the units digit of d?
6
Suppose -15*u + 9 = -18*u, -2*m + 8396 = 4*u. What is the tens digit of m?
0
Let a(b) = 4*b - 6. Suppose -3*n + 11 = -67. Let q be n/(-91) - (-172)/14. What is the tens digit of a(q)?
4
Suppose 3160 = 5*o + 5*i, -i = -5*o + 2*i + 3128. What is the hundreds digit of o?
6
Let y = 5253 - 1425. Let u be 4/14 - y/21. Let b = -128 - u. What is the units digit of b?
4
Suppose 2*k = -2*k + 16. Let y(z) = 2*z - 3. Let g be y(k). Suppose -2*b + 96 + 2 = 4*p, 4*b = -g*p + 130. What is the tens digit of p?
2
Let g = 313 - -87. Suppose -w = -5*j + 2*j + g, -2*j + 275 = w. What is the hundreds digit of j?
1
Let x be ((-24)/30)/((-1)/5). Suppose -s + x*d = -68, -s = d - 80 + 17. Let f = -40 + s. What is the tens digit of f?
2
Let k(w) = w**2 + 6*w - 1. Let j be k(-5). Let z be j/(-8)*(-4 - 8). Let v = z - -25. What is the units digit of v?
6
Suppose 5*k - 1687 = 2403. What is the tens digit of k?
1
Suppose -261 = 5*d - 2*d. What is the units digit of (12/(-18))/(2/d)?
9
Suppose 2837 = 7*i + 324. What is the hundreds digit of i?
3
Suppose -1064 = -4*w - 7*y + 5*y, 5*w = y + 1344. What is the hundreds digit of w?
2
Let h be 11 - 0 - (-4 - -7). Suppose -h = 10*g - 8*g. What is the units digit of (3/g)/((-2)/40)?
5
Let x(o) = -o**3 + 12*o**2 + 10*o - 22. What is the hundreds digit of x(9)?
3
Let u(x) = -22*x - 344. What is the units digit of u(-37)?
0
Suppose -9 = -23*z + 24*z. What is the units digit of 84/z*9/(-3)?
8
Let l(s) = -s**3 + 15*s**2 - 15*s + 14. Let r be l(14). Suppose -j = -2*w - 3*j + 152, r = 4*w - 2*j - 328. What is the tens digit of w?
8
Let k(m) = -6 + 2*m**2 + 4*m**2 + 2*m**2 + 7*m. What is the tens digit of k(4)?
5
Suppose 6*q - 2*q - 432 = 0. What is the tens digit of (1 + -3)*q/(-8)?
2
Suppose -2*l + 41 = -291. Suppose -4*t + s + l = 23, 38 = t + 2*s. Suppose -3*c - c + t = 0. What is the units digit of c?
9
Let h(s) = -3*s + 7. Let o be h(6). Let a = -9 - o. Suppose -a*p - 2 = 0, -3*p - p - 46 = -2*d. What is the units digit of d?
1
Suppose 3*x - 12 = 0, -2*x = -5*a + x + 8. Suppose f - a = 26. What is the tens digit of f?
3
Let s(n) = 2*n**3 + 25*n**2 - 9*n + 5. Let w(f) = f**3 + 13*f**2 - 5*f + 3. Let x(z) = 6*s(z) - 11*w(z). Let g be x(-7). What is the tens digit of (-285)/g*2/3?
1
Let w(k) = k**2 - 11*k + 10. Let q be w(7). What is the units digit of 6/q - (-64)/3?
1
Let m = 63 - 57. Suppose f - 240 = -5*a, -2*f - 3*a = -m*f + 1052. What is the tens digit of f?
6
Let o(g) be the third derivative of g**6/60 - g**5/30 + g**4/12 - g**3/6 - 2*g**2. Let h be o(1). Suppose -4*c + h = -175. What is the units digit of c?
4
Let f(q) = 27*q + 1145. What is the hundreds digit of f(0)?
1
Suppose 437 = 5*r - 1773. What is the units digit of r?
2
Let n = -3000 - -4509. What is the hundreds digit of n?
5
Suppose -3*k - 4*s = -16, -4*s + 3 = 2*k - 13. Suppose k = i, -3*t + 2*i = -4*t + 70. What is the units digit of t?
0
Let a(z) = 37*z - z**2 - 16 - 9 - 17 + 9. What is the tens digit of a(26)?
5
Let i = 435 - -198. What is the tens digit of i?
3
Suppose 11 = 2*s - 9. Suppose -m = -3*o + 8, s = o - 6*m + 2*m. What is the units digit of 1*((-12)/(-4) - o)?
1
What is the units digit of (-1)/((-10)/(-4)*2/(-20))?
4
Let t(q) = q**3 + 10*q**2 + 9*q - 12. Let i be t(-9). Let o(p) be the second derivative of -p**4/12 - 7*p**3/3 - p**2/2 + 3*p. What is the units digit of o(i)?
3
Suppose -2*d + 0*d - 300 = 0. Let g = -107 - d. What is the units digit of g?
3
Let a(o) = o + 9. Let b be a(-6). Let w be 8/b*(-30)/(-40). Suppose -2*l - w*q = -24, -3*l - 4*q - q = -26. What is the units digit of l?
7
Let g(x) = 32*x - 129. What is the tens digit of g(12)?
5
Let m(s) be the first derivative of s**4/4 + 10*s**3/3 + 5*s**2/2 - s - 52. What is the units digit of m(-9)?
5
Suppose 5*k = u + 1314, -4*k = -2*k + u - 527. What is the tens digit of k?
6
Let z = 62 - 43. Suppose -2*r + z = 59. What is the units digit of r/6*(-12)/8?
5
Let d = -4 - -8. Suppose -d*w + 3*w = 24. Let a = 6 - w. What is the units digit of a?
0
Suppose 4*d - 4 = -4*t, -d + 5*d = 5*t + 40. Let j(y) = -2*y - 4. Let z be j(t). Suppose -z*m = 2 - 14. What is the units digit of m?
3
What is the tens digit of (-693)/((-6)/10 + (-20)/50)?
9
Let r = 42 + 91. What is the hundreds digit of r?
1
Let t(a) = -a**2 + 8*a + 30. Let m be t(13). Let v = m + 37. What is the units digit of v?
2
Suppose -5*l + 281 = -604. Suppose -d - 2*d = -l. Suppose 0 = -5*z - d + 189. What is the tens digit of z?
2
Suppose 2*a = -3*c + 7, -c + a = -1 + 2. Let w be c*(0 + 2)*-7. What is the units digit of (-8)/w*7/2?
2
Suppose -a + 1 = -0*a. Let f(z) = 28*z**2 + z + 1. What is the units digit of f(a)?
0
Let l = -18 - -20. Suppose 3*c - l*n - 58 = 0, -2*c = -c - 3*n - 10. What is the tens digit of (-33)/c - 83/(-2)?
4
Let v(t) = -10*t - 1. Let q(h) = -h + 1. Suppose 0 - 1 = -o. Let y(z) = o*v(z) - 5*q(z). What is the units digit of y(-6)?
4
Let x = -126 - -482. What is the tens digit of x?
5
Let t(o) = 6*o - 6. Let d(g) = g**2 + 2*g - 1. Let f be d(-2). Let m be (-1 - 2) + (-7)/f. What is the units digit of t(m)?
8
Let n(q) = 357*q**2 + q + 2. Let d be n(-1). Let z = d - 157. What is the units digit of z?
1
Let a(s) = 5*s**2 - 38*s + 81. What is the thousands digit of a(23)?
1
Let v = -291 + 569. What is the hundreds digit of v?
2
Let g(h) = -h**3 + 8*h**2 - 2*h + 6. Let f be ((-11)/33)/(1/(-12)). Suppose f*j - 14 = 10. What is the tens digit of g(j)?
6
Let m be ((-6)/15)/(4/(-10)). Let s(d) = -49*d**2 + 9*d - 11. Let x(r) = 25*r**2 - 5*r + 6. Let w(y) = -4*s(y) - 7*x(y). What is the tens digit of w(m)?
2
Let w = -30 - -32. Let c be 252/(-32) - w/16. What is the tens digit of c/10*(12 + -27)?
1
Let t be (1 - 13)*1/(-1). Let g be 11 + t/((-12)/3). What is the tens digit of 12/g*(-150)/(-9)?
2
Let l(m) = -m**2 - 8*m + 2. Let z be l(-8). Suppose z*y = -2*y + 236. What is the tens digit of y?
5
Suppose -5*z + 6756 = 2*v, -5*z - 1677 = -5*v + 15143. What is the hundreds digit of v?
3
Let r be 2060 + (-9)/(45/10). Suppose -11*l = 3*l - r. What is the hundreds digit of l?
1
Let q(j) be the second derivative of j**4/2 - 4*j**3/3 - j**2 - 6*j. Let w be q(3). Let o = w - 22. What is the units digit of o?
6
Suppose 0 = -8*s + 16*s - 18744. What is the thousands digit of s?
2
Let m(a) = 7*a**2 - 10*a + 3. Let j be m(-8). Let x = j - 330. What is the tens digit of x?
0
Suppose t + 2967 = 4*s, 6*s - 11*s - 2*t = -3699. What is the units digit of s?
1
Suppose 0 = -4*k - 46*y + 45*y + 4750, 4*k - 4746 = y. What is the thousands digit of k?
1
Let u be -10 + 5 - (1 + 2). Let c(m) = m**3 + 9*m**2 - 4*m + 11. What is the hundreds digit of c(u)?
1
Suppose -9*u + 2202 = -8319. What is the units digit of u?
9
What is the units digit of 16414/22 + (-25)/275?
6
Suppose -5*f - 8*x + 1356 = -12*x, -3*x = f - 256. What is the tens digit of f?
6
Suppose 0 = 3*p + 228 - 1545. Suppose 4*w + 3*v + 205 = 540, p = 5*w - 3*v. What is the units digit of w?
6
Let u(q) = 13*q**2 + 4*q - 3. Let r be 7/(-35) - (-22)/10. What is the units digit of u(r)?
7
Let z be 91/14*(-1 - 1). Let k = 20 + z. Suppose n - k - 1 = 0. What is the units digit of n?
8
Let w = -146 - -406. What is the tens digit of (-5 - (-3 - 1)) + (w - 4)?
5
Let a(c) = 21*c + 7. Let b be a(5). Suppose b = 4*p - 168. What is the tens digit of p?
7
Let f be 1 + -3 + 4 + 7. Suppose -f = -t + 28. What is the units digit of t?
7
Let j = -110 + 1014. What is the units digit of j?
4
Let m(z) = 5*z + 5. Let x(w) = -2*w - 6. Let j be x(-5). Let v be m(j). Suppose -h - 24 = -